*2 - j + 10. Let v be b(5). Suppose 5*s - v = -20. Let y(x) = -4*x + 2. Let z be y(-5). Calculate the greatest common factor of z and s.
22
Let a(n) = -n**3 + 9*n**2 - 6*n - 11. Let h be a(8). Suppose -h*j + 9 = -2*j. What is the greatest common divisor of j and 12?
3
Suppose -9*b + 12*b - 34 = -2*y, -54 = -4*y + b. What is the highest common divisor of y and 350?
14
Suppose -53 = -2*x + 7. Suppose 4*q - x = -6. Let n = 0 - -6. Calculate the greatest common factor of q and n.
6
Let p be 1*(1 - 6 - -6). What is the greatest common divisor of p and 3?
1
Suppose -4*y = -0*y + 48. Let q(d) = -d**3 - 12*d**2 - 3*d + 34. Let b be q(y). What is the greatest common divisor of b and 175?
35
Let v = 22 - 6. Let q be ((-4)/3)/(v/(-24)). Suppose -b + 16 = -q. Calculate the highest common factor of b and 90.
18
Let y = -3 + 7. Suppose -f + 23 - 22 = -l, 4*f = l + 16. What is the greatest common divisor of l and y?
4
Let l = -23 - -33. Let q(g) = -3*g + 31. Let w be q(9). Calculate the highest common divisor of l and w.
2
Suppose 4*g - 6*g = 0. Suppose g = -17*w + 18*w - 132. What is the greatest common factor of 12 and w?
12
Let s be 1*(0 + -1)*-88. Suppose -a + s + 19 = 0. Suppose 2*f = 7*f + 4*j - a, -j + 79 = 4*f. What is the highest common factor of 171 and f?
19
Suppose 0 = 3*y + 2*x - 4114, 0 = 2*x - 14 + 4. Calculate the highest common factor of 12 and y.
12
Suppose -12*a = -9*a - 12. Suppose w + a = -2*m, 5*w + 0*m - 45 = 3*m. Calculate the greatest common factor of 42 and w.
6
Let c(a) = -a**3 + 9*a**2 - 9*a - 9. Let l be c(7). Suppose 2*x - l - 2 = 0. What is the highest common factor of x and 70?
14
Let n = -17 - -7. Let q = n + 11. Let h = 5 - q. Calculate the greatest common divisor of 16 and h.
4
Let t = 232 - 48. What is the highest common divisor of 230 and t?
46
Let j(c) = 2*c**2 - c + 3. Let r be j(-4). Let h = 29 + -3. Calculate the highest common divisor of h and r.
13
Let a be -1*(-2)/4*116. Let t(o) = -3*o + 229. Let f be t(28). Calculate the greatest common divisor of f and a.
29
Let j = -356 - -371. What is the greatest common divisor of 20 and j?
5
Let f(g) be the third derivative of 0*g + 4*g**2 + 1/3*g**3 - 1/12*g**4 + 0. Let u be f(0). Calculate the highest common divisor of u and 2.
2
Suppose 27 = -3*r + 114. What is the highest common factor of r and 319?
29
Let p(w) be the first derivative of -w**4/4 - 14*w**3/3 - 17*w**2/2 - 29*w + 20. Let f be p(-13). What is the greatest common divisor of 46 and f?
23
Let k(l) = 34*l**2 + 8*l - 10. Let p(r) = r**2 + r - 1. Let a(n) = k(n) - 12*p(n). Let y be a(1). Calculate the greatest common factor of 220 and y.
20
Let y be (-2)/(-7) - (-1 + 38/(-14)). Let u = 6 + -2. Suppose -u = -3*x - x. Calculate the highest common divisor of y and x.
1
Let f(k) = -k**3 + 2*k**2 - 2*k + 14. Let t be f(0). What is the greatest common factor of t and 2?
2
Suppose 2*j - 60 = -3*j + 3*m, -2*j = -4*m - 10. Suppose 0 = 2*b - j - 1. What is the highest common factor of b and 24?
8
Let y(h) = -2*h - 8*h**2 + 1 + 7*h**2 + 10*h - h**3 - 11*h**2. Let t be y(-13). What is the greatest common divisor of 33 and t?
33
Suppose 2*p - 2 = -3*y, 0 = 90*y - 91*y - 2*p - 2. What is the highest common factor of 9 and y?
1
Let c be (5/1 + 0)*2. Let u be c - 0/(-3 + 4). Let x = -16 - -66. Calculate the highest common factor of x and u.
10
Let h = 708 + -533. Calculate the greatest common divisor of h and 140.
35
Let q(u) = u**2 + 4*u - 3. Let p be q(-5). Let c = -10151 + 10155. What is the greatest common divisor of c and p?
2
Let j be 21/56*(-40)/(-5). Suppose -4*t = -2 - 2. What is the highest common divisor of j and t?
1
Let a(b) = -10*b**3 + 4*b**2 + 3*b. Let g(f) = -f**3 - 12*f**2 - 10*f + 9. Let y be g(-11). Let s be a(y). What is the greatest common divisor of 30 and s?
30
Suppose p - 18 = -p. Let i = 11 + -7. Suppose 5*u + t = -2*t + 420, -3*u - i*t + 263 = 0. Calculate the highest common factor of p and u.
9
Let o be 14*(-1 + (-12)/(-8)). Let r(t) = 2*t**2 - 5*t + 12. Let s be r(o). Let x be (s/(-4))/((-24)/64). Calculate the highest common divisor of 10 and x.
10
Suppose -84 = -6*c - 0. Calculate the highest common factor of c and 14.
14
Let y(u) = -u**3 - 3*u**2 + 10*u. Let d be y(-5). Suppose 29 = 2*h + 3*g, d*g + 47 = 4*h - 5*g. What is the greatest common factor of h and 39?
13
Let p(k) = k**3 - 7*k**2 - 5*k + 9. Suppose 0 = w - 5 - 3. Let z be p(w). Let x = z + -21. What is the highest common divisor of 96 and x?
12
Let v be (0 - 24)/((-9)/6). What is the highest common divisor of v and 4?
4
Suppose -4*q = 5*o - 1628, 2*o + 1245 = 4*q - 383. What is the highest common divisor of 37 and q?
37
Let p(c) = 1 - 8*c + 3*c**2 - c**3 + 5*c**2 + 5. Let o be p(6). Suppose 18 = -67*s + 70*s. Calculate the highest common factor of s and o.
6
Suppose -4*c = 4*p - 1952, 0*p - p = 5*c - 2432. Calculate the highest common divisor of 27 and c.
27
Suppose 0 = 97*z - 104*z - 2*i + 330, -3*i = -4*z + 201. Let o = 199 - 7. Calculate the greatest common factor of o and z.
48
Let k be 21/6 - 50/20 - -32. Suppose 0 = 4*c - 7*c + 33. What is the greatest common divisor of k and c?
11
Let v = 98 - 76. What is the highest common divisor of v and 55?
11
Let i(c) = 2*c**3 - 3*c**2 + c - 2. Let b(g) = -2*g + 5. Let a be b(5). Let f = 7 + a. Let l be i(f). Calculate the highest common factor of l and 8.
4
Let i = 681 - 667. Let b be (21/(-2))/((-12)/16). Calculate the highest common factor of b and i.
14
Suppose 106*v - 109*v + 33 = 0. What is the highest common factor of v and 1133?
11
Let k = -204 + 364. Suppose 0 = -8*p + 48 + k. Calculate the greatest common factor of 52 and p.
26
Let z = 0 - -7. Suppose c - 425 = -2*b + z*b, 3*c = -3*b + 1329. Suppose 0*t = 5*t - c. What is the greatest common divisor of 11 and t?
11
Suppose -3*j - 40 - 20 = 0. Let p = 25 + j. Let a = 11 + -6. What is the highest common factor of a and p?
5
Let i = 262 - -848. What is the greatest common factor of i and 30?
30
Let j(q) = -q**2 + 8*q - 5. Let g be j(6). Suppose 0 = -4*s + g + 1. Let u be ((-4)/(-4))/(s/62). Calculate the greatest common divisor of u and 279.
31
Let r(o) = 61*o + 380. Let j be r(-5). Calculate the greatest common divisor of j and 3.
3
Let t(a) = -5*a**3 - a**2 + 5*a + 5. Let w be t(-1). What is the greatest common divisor of 26 and w?
2
Let h be (-30)/50 + (-157)/5. Let j be ((-12)/(-8))/((-4)/h). Suppose -4*m + 182 = 2*u, -3*u - 20 = u. Calculate the highest common factor of m and j.
12
Let s be (10 + -16)*(-10 - 5 - -3). Calculate the greatest common factor of 16 and s.
8
Let c = 62 - 58. Suppose 0 = -c*j + 4*i - 7*i + 29, 3*j + 3*i = 18. What is the highest common divisor of j and 77?
11
Suppose -3*z - 2*z + 35 = 0. Let w(s) = -s**2 + 9*s + 1. Let u be w(z). Calculate the greatest common divisor of u and 45.
15
Suppose 0 = 5*y - 121 + 21. Calculate the greatest common factor of 420 and y.
20
Let o be (-4 - -1) + 7 + -1. Suppose -5 = o*u - 38. Suppose 3*k - 49 = u. What is the greatest common divisor of 80 and k?
20
Let b(a) = -3 - 7 - 5*a**2 + a**2 - 2 - a**3 - 7*a. Let h be b(-5). Calculate the greatest common factor of h and 72.
24
Suppose -6 = -6*h + 4*h. Suppose i - 5 = -h*g, 0 = -3*g + 3*i + 3 - 6. Calculate the highest common divisor of g and 1.
1
Let u = 6 - -3. Suppose 2*l = 3*l + 4*k - 15, 3*k - u = 0. Let h = l + 9. What is the highest common factor of 8 and h?
4
Let o = -217 + 292. What is the greatest common factor of 105 and o?
15
Let y = -8 - -12. Suppose -y*a + 3 = -3*a. What is the greatest common factor of 3 and a?
3
Let p(v) = 71*v**3 - 2*v**2 - v + 1. Let j be ((-14)/(-4))/7*4. Let t be p(j). Suppose 65 = 3*g - t. Calculate the highest common divisor of 26 and g.
26
Let i be (3 - 1) + 2 + (-6)/2. Let z be 1790/14 + i/42*6. Calculate the greatest common divisor of 32 and z.
32
Suppose 59 = 3*t + 5*n, 0*t - 5*n = 4*t - 87. Let z = t + -24. Suppose -5*y - s = -120, -3*y + y = z*s - 30. What is the highest common divisor of 5 and y?
5
Let q = 561 + -407. Calculate the greatest common factor of q and 2.
2
Suppose 0 = -2*l + a + 14 - 125, -3*l + 2*a = 169. Let z = l - -56. What is the greatest common factor of z and 12?
3
Let j(t) = t**2 - 2*t - 4. Let v(k) = k**3 + 5*k**2 + k + 4. Let f be v(-5). Let h = 5 - f. Let